-2*c**3 - 1. Let o be m(1). What are the prime factors of n(o)?
3
Suppose -33 = -3*m + 15. Let o = -10 + m. List the prime factors of o.
2, 3
Let a(r) = 4*r**2 + r - 1. Let i be a(1). Let s = 10 - i. What are the prime factors of s?
2, 3
Let l be 46 - (-5)/(5/(-2)). Suppose d + 0*d - l = 0. List the prime factors of (-1)/(2/d*-2).
11
Suppose 2*n + n = 576. Suppose -5*m + n = -i, -2*i = -3*m - 0*i + 111. What are the prime factors of m?
3, 13
Let k(g) be the third derivative of -g**5/60 + 7*g**4/24 - 3*g**2. What are the prime factors of k(6)?
2, 3
Suppose 53 + 18 = 3*y + 5*h, -y + h + 13 = 0. What are the prime factors of y?
17
What are the prime factors of 9/3 + -3 - -10?
2, 5
Suppose -3*h + 5*h = -2, -h - 33 = -2*q. Let z = -2 + q. What are the prime factors of z?
2, 7
Suppose -16 = -5*i + 69. List the prime factors of i.
17
Let g(k) = 13*k**3 + k. Let d(a) = -a**3 - 3*a**2 + 4*a + 1. Let p be d(-4). List the prime factors of g(p).
2, 7
Let h(o) = -6*o - 6. Let l be h(-5). Suppose 0*x + l = 4*x. Let m = x + 7. List the prime factors of m.
13
Let b(k) = 20*k**3 + 1. What are the prime factors of b(1)?
3, 7
Let m(a) = -a**2 - 21*a - 12. Let v be m(-16). Suppose 5*d + 125 = 5*p, -4*p - 3*d + 18 = -v. List the prime factors of p.
23
Let j be 2/3 + 158/6. What are the prime factors of (j/6)/(6/20)?
3, 5
Suppose -44 = -2*w + w. Suppose 5 = 3*i + w. Let b = 22 + i. List the prime factors of b.
3
Let q = 3 - 2. Let p(a) = a**3 + 6*a**2 + 4*a - 4. Let s be p(-5). Let w = q + s. List the prime factors of w.
2
Suppose -53 - 123 = -4*f. List the prime factors of f.
2, 11
Suppose 5*z = 5*x - 310, -2*z - 111 = -5*x + 205. Suppose -2*l + x = 2*l. What are the prime factors of l?
2
Let r = -21 - -25. Suppose 3*s + 18 = 3, -98 = -3*u + r*s. What are the prime factors of u?
2, 13
Let f = -9 - -2. Let r = f - -7. Suppose 3*j = 3*v - 42, r = 4*v + 3*j - 28 - 7. List the prime factors of v.
11
Let u = -6 + 7. Suppose -4*i = 0, -g - u = -2*g - 2*i. List the prime factors of (g - 0)/((-4)/(-20)).
5
Suppose 0 = b - 0*b + 2*o - 18, 2*b - o - 21 = 0. Suppose -2*m + t = -t - b, 5*m = -2*t + 44. What are the prime factors of m?
2
Let s(r) = -r**2 + 9*r - 5. Let x be s(9). Let h = 15 - x. What are the prime factors of h?
2, 5
Suppose -39 = -2*y - k, -5*y = 2*k - 62 - 37. List the prime factors of y.
3, 7
Suppose 0 = 9*z - 6*z. What are the prime factors of (5 - z)*108/20?
3
Let y(s) = 9*s. Suppose b = -3 + 4. Let p be y(b). Let n(v) = v - 2. List the prime factors of n(p).
7
Let y be 6/9 - (-8)/6. Suppose -3*m - 175 = y*m. Let r = -24 - m. What are the prime factors of r?
11
Let j(h) = h**3 + 10*h**2 - 16. List the prime factors of j(-7).
131
Suppose -j + 35 = 4*j. Suppose 12 = -4*n + j*n. What are the prime factors of n?
2
Suppose v + 0*v = -54. What are the prime factors of (-1)/(-2) - v/4?
2, 7
Let m be ((-48)/28)/((-2)/14). Suppose -5*f = -f - m. What are the prime factors of 3/9*f - -1?
2
Let z(b) = b**3 - 3*b**2 - b - 3. List the prime factors of z(5).
2, 3, 7
Suppose y - 7 - 3 = -s, -y + s = 0. Let m(a) = a**3 - 4*a**2 - 2*a - 1. What are the prime factors of m(y)?
2, 7
Let n(l) = -l - 3. Let p be n(-5). Suppose -y + 4*b = -7, -p*y - 3*b = -y + 7. What are the prime factors of y + (2 - 1)*4?
3
Let i(o) = -o**2 - 16*o + 4. Let j be i(-14). Let v = j - -11. What are the prime factors of v?
43
Suppose 0 = -3*h + 6, 3*h = z - 2*h + 5. Suppose -z*q + 63 = -2*q. What are the prime factors of q?
3, 7
Let v be -4*1/(-6)*3. Suppose -i - 28 = -r + v*i, -3*r + 5*i = -84. What are the prime factors of r?
2, 7
List the prime factors of (-2)/6 + 2 + (-361)/(-3).
2, 61
Suppose -2*x + 14 = -x + 5*f, 4*f = 8. Suppose x = 3*m - 2. What are the prime factors of m?
2
Suppose 0 = 4*o - 9 - 3. Let u = 11 - o. Let h = u + 0. List the prime factors of h.
2
Let z = -11 - -7. Let y be -12 - -1 - (z + 5). Let s = 20 + y. List the prime factors of s.
2
Suppose 5*v + 2*u = -0*u + 183, 3*v - 125 = -5*u. Let z = v - 21. What are the prime factors of z?
2, 7
Let j = 77 - 27. Suppose 5*p - 50 = j. What are the prime factors of p?
2, 5
Let h(g) = g**2 + 4*g - 1. Let i be h(-6). Suppose -n = -d + i, 2*n - d = 4*d - 13. What are the prime factors of (-30)/(-4)*n/(-21)?
5
Let s = 45 + -21. List the prime factors of s.
2, 3
Suppose 0 = 5*y + 5*p - 35, 3*y = y + 5*p - 7. Suppose 6*a - 15 = a. Suppose y*u = 3*d + 15, a*u - 6*d - 13 = -2*d. List the prime factors of u.
3
Let x(n) = 3*n + 1. Let d be x(2). Suppose w + 4 = d. What are the prime factors of w?
3
Suppose 123 = 3*t + 3*c, -3*t + 5*c - 3*c + 98 = 0. List the prime factors of t.
2, 3
Suppose -i + 5*y = -0 - 4, 0 = -4*i - 5*y + 16. What are the prime factors of i?
2
Let y(m) = 6*m + 1. Let a be y(-1). List the prime factors of ((-24)/a)/((-7)/(-35)).
2, 3
Let c be (-74)/(-6) + 4/(-12). Suppose -5*x + 2*x = -c. What are the prime factors of x?
2
Let x(n) = -n - 5. Let q be x(-10). Suppose -4 = 2*i + y + y, q*i - 3*y = 22. What are the prime factors of i?
2
Let i(u) = -5*u**3 + 5*u + 13. List the prime factors of i(-4).
313
Let o(u) = -15*u + 5. Let a be o(-5). Let p be 1 - 1 - a/(-8). Suppose 30 = 4*i - p. What are the prime factors of i?
2, 5
Let b = 10 + -6. Suppose 0 = -2*a + 8, 62 = b*h + h - 2*a. Let x = 30 - h. List the prime factors of x.
2
List the prime factors of 74/2 + (-24)/(-6).
41
Suppose 4*p - 2*w + 14 = 0, -3*p - 1 = 3*w - 4. Let a be 32/(-2) - 0 - p. List the prime factors of (-237)/(-21) - (-4)/a.
11
Let h = 26 + -66. Let i = h - -100. Suppose 0*p + i = 5*p. What are the prime factors of p?
2, 3
Suppose 0 = -0*x + 2*x - 224. What are the prime factors of x?
2, 7
Let w = -29 - -57. List the prime factors of w.
2, 7
Suppose 3*b + b = -5*w + 149, -5*b = 3*w - 79. Suppose 4*p + p - 31 = -2*y, -3*p + w = 3*y. What are the prime factors of y?
2
Suppose 4*j - 3*x - 6 = 0, -j + 8 = -5*j - 4*x. Let q = 6 - j. Let l = q - 2. List the prime factors of l.
2
Let t = -6 - -9. Suppose 2*y = 4*a + 8, -2*y = -4*a + 2*a - 12. Suppose v = t*v - y. List the prime factors of v.
2
Suppose -3*o + 444 = o. List the prime factors of o.
3, 37
Let t(u) be the second derivative of u**4/6 + u**2 - 5*u. List the prime factors of t(-2).
2, 5
Suppose -4*k + 2*g = -k - 14, -5*k + 4*g = -24. Suppose k*y = y + 6. Suppose o - 4*o + 32 = 4*x, 10 = y*x. What are the prime factors of o?
2
Let a(v) = v + 1. Let z be a(5). Let o = z + -3. Suppose 3*t = p, -o*p = -6*p - t + 10. List the prime factors of p.
3
Let b = 21 + -2. What are the prime factors of b?
19
Suppose -4 = g - 0. Let r = g - -11. What are the prime factors of r?
7
Suppose 13 = 4*k - 31. What are the prime factors of k?
11
Let u(w) = 6*w + 2*w - 2*w**3 - 8*w - w**2. Let j be u(-2). Suppose -2*t + 0*t + j = 0. List the prime factors of t.
2, 3
Suppose -4*b - 3*p + 68 = 0, -4*b + 5*p + 60 = -2*b. List the prime factors of b.
2, 5
What are the prime factors of (-2 - -39) + -1 - -3?
3, 13
Let i(u) = u**2 + 6*u + 4. Let k be -5 + (0 - (-1)/(-1)). Let h be i(k). Suppose 3*o = 2*n + 1, -13 = 2*n - n - h*o. List the prime factors of n.
7
Let j = 29 + -24. Suppose -4*i + j*d + 24 = d, 24 = 2*i + d. List the prime factors of i.
2, 5
Let k(a) = -2*a + 7. Let f = 8 - 13. List the prime factors of k(f).
17
Let g = 40 + 2. What are the prime factors of g?
2, 3, 7
Let t(n) = -n - 2. Let y be t(-2). Suppose y = 4*v - 3*d - 56, v + 7*d = 2*d + 37. What are the prime factors of v?
17
List the prime factors of (12/(-16))/((-1)/44).
3, 11
Let j(h) = -h**3 + 12*h**2 + 17. What are the prime factors of j(12)?
17
Suppose 5*h - 4*h = 49. List the prime factors of h.
7
Let t = 107 + -200. Let p = -65 - t. List the prime factors of p.
2, 7
What are the prime factors of ((-55)/44)/(1/(-4))?
5
Let w = 6 + -2. Let d = -1 + w. What are the prime factors of d?
3
Suppose -r - 2*o = -19, r + 2*o = -r + 36. Suppose t + r = 2*t. What are the prime factors of t?
17
Suppose 11*p - 12*p + 87 = 0. List the prime factors of p.
3, 29
Let l(r) = r**2 - 12*r - 34. List the prime factors of l(-9).
5, 31
Suppose 3*z - 9 = 6*z, -2*h + 2*z = -8. Suppose 2*l - 3 - h = 0. Suppose 5*n + 2*o = 12, n + 4*o = -l*n + 10. What are the prime factors of n?
2
Suppose 0 = -0*l - 4*l + 96. Suppose 16 = s - 3*j - j, 4*j = 2*s - l. Let g = -3 + s. What are the